15 - (-43 - -46 - (-1 - -16 - 3))?
26
What is (5 + -2 + -21 - -17 - -50) + 13?
62
What is the value of -204 + 215 + (7 + -12 - 26) - (-3 - -1)?
-18
Evaluate 64 + (7 + -10 - (-6 - (0 - 18))).
49
Calculate -14 + -152 + 91 + 143.
68
What is the value of 56 - -6 - (215 - 80)?
-73
Calculate -78 + (-11 - -16) + -18 + 11 + -3 + 14.
-69
What is the value of -2 + 1 + (-23 - (-32 + 60))?
-52
Evaluate 19 - (112 + -80 - 47).
34
Calculate -55 - ((-31 - -124) + -181).
33
-1 - -7 - -2 - (9 - -21) - -11
-11
Calculate (162 - 25) + -29 + -42 - 9.
57
What is the value of -30 + 7 + 34 - (1 + (-3 - -6) - 1)?
8
What is -7 - (1 - (12 - 2) - (-323 + 339))?
18
What is -3 + -3 - 2 - (-6 + 28 + -9)?
-21
Calculate 2 + 0 - ((-44 - 3 - -162) + (1 - 6)).
-108
Evaluate -24 + -6 - (-48 + 90 + -42 + (-1 - 0)).
-29
What is the value of -18 + 57 + 22 - 21?
40
31 - (40 + -28 + 27) - (90 - 0)
-98
What is 102 - -8 - (-19 + -1 + 7 + 2)?
121
What is the value of 4 + (-1 - (5 + 12 + -33))?
19
Evaluate (-41 - -2) + -27 + (12 - -23).
-31
-10 - (26 + -13 - ((-13 - -6) + 84))
54
Evaluate 8061 + -8063 - (((-1 - -2) + -47 - -3) + -3).
44
Evaluate -41 + (977 - 989 - (-25 + 1)).
-29
What is (-60 + 144 - 69) + -48?
-33
What is the value of 15 + -24 + 1 - (-1 + -7 + 101 + 4)?
-105
What is 106 + 0 + -155 + 182 + 17 + -14 + -30?
106
-11 - (15 + 29 + -78) - (-3 - 104)
130
What is the value of 4 + -69 - (-200 + 134)?
1
-1 + 5 - (23 - 0) - (-1081 - -981)
81
Evaluate -74 + 56 + (-17 - -67).
32
What is (-2 - 0) + -41 + (1449 - 1439)?
-33
What is 13 - (61 - (-58 + 210))?
104
Calculate -111 + (-9 + (2 - (-2 - 12)) - 0) + 6.
-98
(-21 + 29 + -12 - (0 + 0)) + (34 - 98)
-68
((-2 - -3) + -4 - 3) + 11 - 44
-39
Evaluate 44 + -23 + 22 + 15.
58
Calculate -58 + 72 + 26 + -56.
-16
Calculate 2 - 56 - (-23 - 50 - -56).
-37
Evaluate 8 + (-7 + -2 - -8) - (-3 + 52).
-42
What is the value of (55 + -79 - 4) + 18?
-10
Evaluate -3 - (-29 + 10) - ((9 - 23) + 19).
11
Evaluate 5 - 9 - 35 - (-8 - (27 - 27)).
-31
Calculate -24 + -4 - (-65 + 104).
-67
What is -52 - -47 - (1 + 0) - (34 + -3 + -3)?
-34
What is 57 + -15 + -40 - 50?
-48
Calculate -776 - -753 - (126 + -11).
-138
What is 186 + 164 + -330 + (-116 - 0)?
-96
(-254 - -233 - (-2 + -71)) + -3
49
Calculate -56 - (2 - ((3 - (10 - 4)) + 16)).
-45
What is the value of 34 - -49 - (9 - ((-2 - -7) + 7))?
86
5 + 14 + 43 + -12 + 20 + -15
55
What is the value of (49 - 2) + (-10 - -17) - (3 - 4)?
55
Evaluate (-7 - 44) + (-1 + (-3 - 2) - -8).
-49
-25 - ((-12 + 6 + 11 - 10) + -11 + 3)
-12
Calculate -45 + 53 - (-6 - (2 + -2 + (-2 - 5))).
7
Calculate (-14 + -15 - 17) + 1.
-45
What is the value of (-6 - -10) + -6 + (-2 + 1 - -14 - -1)?
12
Calculate -2 + 9 + 22 + 52 + -12 + 10 + -8.
71
What is the value of -9 + 69 - (-174 - -188)?
46
(-9 - (-2 + -26)) + 1
20
What is 6 - (8 + (17 + -7 - 20) + 8 - -3)?
-3
Evaluate (4 - -9) + 6 + -17 + (5 - (-5 - 3)).
15
What is the value of (-3 - (18 + (2 - 22))) + -7 + 27?
19
Evaluate 79 + -240 + 45 + 100.
-16
-50 - (9 + -14) - (1367 + -1385)
-27
What is the value of -4 - ((-7 - (12 + -19)) + -28)?
24
36 + (43 - (11 - 4))
72
-52 + 3 + (0 - 2) - 2 - (-3 + 6)
-56
What is 51 - (31 + -23 - (23 - 0))?
66
What is 52 - (-84 + -10 - -150)?
-4
Evaluate (759 - 742) + -4 + (-37 + 5 - 3).
-22
(8928 + -8923 - (1 + 4 + 0)) + -82
-82
Evaluate -14 - (-3 - 19) - (14 - 2).
-4
Calculate 3 + 5 + 3 + (-40 - -46) + (-21 - 2).
-6
-851 + 957 + -130 + 6
-18
Evaluate 4 + -9 - -16 - 2 - (6 - 15).
18
What is 0 + 2 + 3 + -4 - (-28 - -69)?
-40
1 + -26 + -15 + (27 - 21)
-34
What is -12 + 0 + (281 - 130) + -184?
-45
Evaluate 79 + -135 + 85 + -10 + 0.
19
Evaluate -50 - (14 - 0 - (-48 + 84)).
-28
Evaluate (-2231 - -2097) + -7 + 70.
-71
Calculate -17 - ((3 - (-11 - -97)) + -18).
84
What is -16 + -116 - (-617 - -479)?
6
What is the value of (-15476 - -15431) + -2 + -1 + 58?
10
What is 4 + (6 - -20 - 29) + -9?
-8
Evaluate 4 + (75 - (47 - 27)).
59
What is 45 - 144 - -10 - -49?
-40
What is (-2 - (-5 - -9) - (2 - -1)) + 21?
12
What is 131 + -2 + (75 + -73 + 5 - (0 + 13))?
123
1 - (0 - 20) - ((-177 - -415) + -285)
68
-61 + -31 + 36 + 6
-50
(-26 - -10) + 26 + -20 + (7 - 5 - 56)
-64
14 + -33 + -5 - (7 - 5)
-26
0 + -1 + (10972 - 10997)
-26
-3 + -45 + (-1 - -25)
-24
-4 - -1 - (-37 - -43) - (-70 - -37)
24
What is -4 + (-372 + 433 - (20 + 0))?
37
Evaluate -10 + (7 - (52 - (0 + -6 - -10))).
-51
(-15 - 23 - -40) + (11 - 1) - 55
-43
What is (-12 - 16) + (24 - (4 + -2 + 7))?
-13
8 + -16 + -12 - (-16 + 7)
-11
-1 - (33 + -2) - (-608 + 618)
-42
Evaluate (22 + 43 - 36) + -37.
-8
-2 - (7 - 11 - -7 - -1) - (36 - 28)
-14
Evaluate 1 - -4 - (3 + -27 - (-228 + 194)).
-5
Calculate 0 - 17 - (819 - 880) - 2.
42
Evaluate -30 + (-24 - ((-1 - 9) + -6)).
-38
Calculate 19 - (-8 + 90 + -18 + (-4 - -13)).
-54
What is (-70 - -1) + 3178 + -3146?
-37
Evaluate -26 + 61 - 12 - -25 - -18.
66
Calculate 36 + (19 - (19 - -14)) - 13.
9
Evaluate (239 - 111) + 25 + -110.
43
12 + -30 + 8 + (0 + 2 - -4) + 28
24
Evaluate -223 + 168 + 26 - (1 + 16).
-46
What is -2 - 10 - -3 - (19 + -10 - 25) - -19?
26
Evaluate -30 + -30 + (1 - -93) + -6.
28
-22 + -18 + 32 + -56
-64
-6 - ((-11 - (2 - (6 - -42))) + (-2 - 7))
-32
(13 - (-12 - (-10 + -6))) + -4 - -17
22
6 + 2 + -44 - (14 - 7 - (2 + -1))
-42
57 - (-26 + 40 + -41 - (-8 - 1))
75
What is the value of -10 + (-40 - ((18 - 50) + 13))?
-31
Calculate 5 + 28 - (8 - -104) - -16.
-63
Calculate 22 + (-24 - ((-20 - 6) + 10)) - -36.
50
What is the value of -48 + (-3 - (-25 - -21 - (-2 + -3 - -3)))?
-49
What is the value of -60 + 6 + (19 - 21 - -10) - (1 - -2)?
-49
What is the value of -140 + 150 - (5 + 3 + -43 - 5)?
50
What is the value of -69 + 151 - (240 - 269)?
111
What is -148 - (-6 + (-16 - (25 - 17)) + 7)?
-125
Evaluate 40 + (-69 - 12) - -48.
7
What is the value of (68 - 72) + (14 - 9) + -68?
-67
Calculate -33 + 27 + 18 + -6 + -28.
-22
200 + 76 + -275 - (-135 - (0 - 2))
134
Calculate -8 - (110 - -21) - -98.
-41
Evaluate -38 - (11 + 98) - -89.
-58
Evaluate (-13 - (-3 + 3)) + (-23 - -31 - 4).
-9
Calculate (0 - 9) + (27 - (-20 + 28 - -4)).
6
102 + (41 + -87 - 19)
37
Calculate -1 + (4 - 1) - -21 - (77 + -76).
22
What is the value of (24 - 44 - (0 - -6)) + (8 - 4) + 5?
-17
What is -17 + -2 - (-100 - (-12 + 5)) - -20?
94
What is the value of -39 - (8 + -12 + (3 - (-14 - -20)))?
-32
-150 + (-50 - -155) + (2 - -2)
-41
What is the value of 0 + -2 + 58 - (351 + -357)?
62
Calculate (-60 - (-84 - -14)) + -35.
-25
What is the value of 42 + (-4 + -42 - -20) + -8?
8
Evaluate -22 + -55 + (9 - 26) + 38.
-56
What is -32 + (3 - (11 - (-15 - -36))) - -12?
-7
Evaluate 7 - (-1 + 5 + (68 - 34) + -32 + -30).
31
1 - (8 + -7) - -32 - -13
45
-3006 + 3147 + -73 + -2
66
Calculate -15 - (-51 + 1) - 46.
-11
Evaluate 54 - (7 + (-86 - -107)).
26
Evaluate -60 + 71 - (-14 + -4 + -12).
41
Evaluate (72 - (-46 + 60)) + -80.
-22
What is -9 - -1 - (-13 + (-3 - (22 - 28)))?
2
-52 - ((29 - 6) + -82)
7
(19 - (-2 - -57)) + -3 + 3 + 12 + -7
-31
What is -2 - 7 - (-44 - (-90 + 45))?
-10
Calculate 167 + -194 - (29 - -18).
-74
Evaluate 1297 + -1192 + 0 + -52.
53
-48 - (12 + (-31 - ((-10 - 19 - -7) + 11)))
-40
Evaluate (-13 - -10) + (-30 - (-18 + -6)) + 1 + 106.
98
52 - (53 + -78 - -58)
19
Evaluate 13 + -2 - ((-17 - -14) + 42).
-28
Calculate 300 + -254 + (-69 - -73).
50
What is -26 - (-51 - -32) - ((7 - 4) + -13)?
3
Calculate 39 - (14 + (11 + -3 - 8)).
25
-8 + 15 + (14 - ((0 - -27) + -17))
11
((3 - (50 - 6)) + 31 - (83 + 1)) + -7
-101
Calculate (32385 - 32298) + -3 + 2 + -1 + -1.
84
29 + -1 + 0 + (-74308 - -74154)
-126
Calculate -52 - -86 - (269 + -268 + (1 + -1 - 2)).
35
What is -77 + (17 - (15 - 17)) + -13 + 3?
-68
What is 55 + -12 - (-5 - (11 - (-12 + 35)))?
36
What is 2 + -2 + 10 + -4 - (39 + -6 + -1)?
-26
Calculate 40 + (3 - ((-2 - -3 - (-3 + -6)) + -6)).
39
16 - (-21 - -36) - (6 - 31)
26
What is the value of -8 - (273 + -280 - (-8 - -1 - 2))?
-10
Calculate (7 - (-5 + 20)) + 16 + 1 + 64.
73
Calculate -2 - 105 - 3 - -3 - (-11 + 6) - 0.
-102
1 - 21 - (-35 + 3)
12
Evaluate -130 - (11 + 95 + -172).
-64
What is the value of 47 + -1 - (-322 - -332 - (2 - 2 - -12))?
48
-7 + -13 + 15 + 1 - (-8 + -15)
19
What is the value of 23 + 110 + -120 - (103 - 2)?
-88
Evaluate (-175 - -172) + 22 + 44.
63
41 + -55 + (47 - -2)
35
What is the value of 0 + -2 + -16 - (